{"id":79,"date":"2020-07-02T11:30:10","date_gmt":"2020-07-02T11:30:10","guid":{"rendered":"https:\/\/www.forestrysweden.se\/?page_id=79"},"modified":"2020-07-02T11:34:02","modified_gmt":"2020-07-02T11:34:02","slug":"john-deere-forestry-nyhetsbrev","status":"publish","type":"page","link":"https:\/\/www.forestrysweden.se\/","title":{"rendered":"John Deere Forestry nyhetsbrev"},"content":{"rendered":"\n<p>Prenumerera genom att fylla i formul\u00e4ret h\u00e4r nedan och klicka p\u00e5 skicka.<br>Du f\u00e5r sedan ett mail d\u00e4r du bekr\u00e4ftar att du vill ha nyhetsbrevet.<\/p>\n\n\n\n<script type=\"text\/javascript\">\nfunction EmailCheck(str) {\nvar ret = true;\nvar at = \"@\";\nvar dot = \".\";\nvar lat = str.indexOf(at);\nvar lstr = str.length;\nvar ldot = str.indexOf(dot);\nif (str.indexOf(at) == -1) {\nret = false;\n}\nif (str.indexOf(at) == -1 || str.indexOf(at) == 0 || str.indexOf(at) == lstr) {\nret = false;\n}\nif (str.indexOf(dot) == -1 || str.indexOf(dot) == 0 || str.indexOf(dot) == lstr) {\nret = false;\n}\nif (str.indexOf(at, (lat + 1)) != -1) {\nret = false;\n}\nif (str.substring(lat - 1, lat) == dot || str.substring(lat + 1, lat + 2) == dot) {\nret = false;\n}\nif (str.indexOf(dot, (lat + 2)) == -1) {\nret = false;\n}\nif (str.indexOf(\" \") != -1) {\nret = false;\n}\nreturn ret;\n}\nfunction ValidateForm() {\nvar emailID = document.fpren.email;\nif ((emailID.value == null) || (emailID.value == '')) {\nalert('Du m\u00e5ste ange en korrekt e-post.');\nemailID.focus();\nreturn false;\n}\nif (EmailCheck(emailID.value) == false) {\nemailID.value = \"\";\nemailID.focus();\nreturn false;\n}\n                if(document.fpren.haschecked != null && !document.fpren.haschecked.checked)\n{\nreturn false;\n}\nreturn true;\n}\n<\/script>\n<form name=\"fpren\" onsubmit=\"return ValidateForm()\" action=\"https:\/\/newsletter.paloma.se\/\/register\/\" method=\"get\">\n<input type=\"hidden\" name=\"distlistkey\" value=\"13377\" \/>\n<input type=\"hidden\" name=\"gora\" value=\"pren\" \/>\n<input type=\"hidden\" name=\"tacksida\" value=\"[URL till tacksida]\" \/>\n        <input type=\"hidden\" name=\"ignorethankspageavailabilitycheck\" value=\"0\" \/>\n         \n        \n<p style=\"margin-left: 40px\">Namn<br \/>\n<input type=\"text\" name=\"namn\" \/>\n<br \/>\n Postnummer<br \/>\n<input type=\"text\" name=\"postcode\" \/>\n<br \/>\nE-post<br \/>\n<input type=\"text\" name=\"email\" \/>\n<br \/>\n<div style=\"position: absolute; left:-9999px;\">\nL\u00e4mna f\u00f6ljande f\u00e4lt tomt\n<input type=\"text\" name=\"donotfill\" autocomplete=\"new-password\" tabindex=\"-1\" \/>\n<\/div> \np\/>        \n\n        <br \/>\n<input type=\"submit\" value='Skicka' \/>\n<\/form>\n\n\n\n<p><\/p>\n","protected":false},"excerpt":{"rendered":"<p>Prenumerera genom att fylla i formul\u00e4ret h\u00e4r nedan och klicka<span class=\"more-button\"><a href=\"https:\/\/www.forestrysweden.se\/\" class=\"more-link\">Forts\u00e4tt l\u00e4sa<span class=\"screen-reader-text\">John Deere Forestry nyhetsbrev<\/span><\/a><\/span><\/p>\n","protected":false},"author":1,"featured_media":0,"parent":0,"menu_order":0,"comment_status":"closed","ping_status":"closed","template":"","meta":{"footnotes":""},"class_list":["post-79","page","type-page","status-publish","hentry"],"_links":{"self":[{"href":"https:\/\/www.forestrysweden.se\/index.php?rest_route=\/wp\/v2\/pages\/79","targetHints":{"allow":["GET"]}}],"collection":[{"href":"https:\/\/www.forestrysweden.se\/index.php?rest_route=\/wp\/v2\/pages"}],"about":[{"href":"https:\/\/www.forestrysweden.se\/index.php?rest_route=\/wp\/v2\/types\/page"}],"author":[{"embeddable":true,"href":"https:\/\/www.forestrysweden.se\/index.php?rest_route=\/wp\/v2\/users\/1"}],"replies":[{"embeddable":true,"href":"https:\/\/www.forestrysweden.se\/index.php?rest_route=%2Fwp%2Fv2%2Fcomments&post=79"}],"version-history":[{"count":2,"href":"https:\/\/www.forestrysweden.se\/index.php?rest_route=\/wp\/v2\/pages\/79\/revisions"}],"predecessor-version":[{"id":81,"href":"https:\/\/www.forestrysweden.se\/index.php?rest_route=\/wp\/v2\/pages\/79\/revisions\/81"}],"wp:attachment":[{"href":"https:\/\/www.forestrysweden.se\/index.php?rest_route=%2Fwp%2Fv2%2Fmedia&parent=79"}],"curies":[{"name":"wp","href":"https:\/\/api.w.org\/{rel}","templated":true}]}}